{"id":91,"date":"2025-07-02T06:32:06","date_gmt":"2025-07-02T06:32:06","guid":{"rendered":"https:\/\/baufromania.ro\/?page_id=91"},"modified":"2025-07-03T12:25:52","modified_gmt":"2025-07-03T12:25:52","slug":"aer-conditionat-bauf-alpenluft-18000btu","status":"publish","type":"page","link":"https:\/\/baufromania.ro\/?page_id=91","title":{"rendered":"Aer condi\u021bionat BAUF Alpenluft 18000BTU"},"content":{"rendered":"\t\t<div data-elementor-type=\"wp-page\" data-elementor-id=\"91\" class=\"elementor elementor-91\" data-elementor-post-type=\"page\">\n\t\t\t\t<div class=\"elementor-element elementor-element-8a0cbd8 e-flex e-con-boxed e-con e-parent\" data-id=\"8a0cbd8\" data-element_type=\"container\">\n\t\t\t\t\t<div class=\"e-con-inner\">\n\t\t\t\t<div class=\"elementor-element elementor-element-0000005 elementor-widget elementor-widget-heading\" data-id=\"0000005\" data-element_type=\"widget\" data-widget_type=\"heading.default\">\n\t\t\t\t<div class=\"elementor-widget-container\">\n\t\t\t\t\t<h2 class=\"elementor-heading-title elementor-size-default\">Aer condi\u021bionat BAUF Alpenluft BRAC-SP-IA-18-R3, 18000 BTU, Wi-Fi, A++<\/h2>\t\t\t\t<\/div>\n\t\t\t\t<\/div>\n\t\t\t\t\t<\/div>\n\t\t\t\t<\/div>\n\t\t<div class=\"elementor-element elementor-element-6921581 e-flex e-con-boxed e-con e-parent\" data-id=\"6921581\" data-element_type=\"container\">\n\t\t\t\t\t<div class=\"e-con-inner\">\n\t\t<div class=\"elementor-element elementor-element-e4cb079 e-con-full e-flex e-con e-child\" data-id=\"e4cb079\" data-element_type=\"container\">\n\t\t\t\t<div class=\"elementor-element elementor-element-2238548 elementor-widget elementor-widget-image\" data-id=\"2238548\" data-element_type=\"widget\" data-widget_type=\"image.default\">\n\t\t\t\t<div class=\"elementor-widget-container\">\n\t\t\t\t\t\t\t\t\t\t\t\t\t\t\t<img fetchpriority=\"high\" decoding=\"async\" width=\"768\" height=\"768\" src=\"https:\/\/baufromania.ro\/wp-content\/uploads\/2025\/07\/imagine_2025-07-02_093626951.png\" class=\"attachment-large size-large wp-image-102\" alt=\"\" srcset=\"https:\/\/baufromania.ro\/wp-content\/uploads\/2025\/07\/imagine_2025-07-02_093626951.png 768w, https:\/\/baufromania.ro\/wp-content\/uploads\/2025\/07\/imagine_2025-07-02_093626951-300x300.png 300w, https:\/\/baufromania.ro\/wp-content\/uploads\/2025\/07\/imagine_2025-07-02_093626951-150x150.png 150w\" sizes=\"(max-width: 768px) 100vw, 768px\" \/>\t\t\t\t\t\t\t\t\t\t\t\t\t\t\t<\/div>\n\t\t\t\t<\/div>\n\t\t\t\t<\/div>\n\t\t<div class=\"elementor-element elementor-element-223c9f5 e-con-full e-flex e-con e-child\" data-id=\"223c9f5\" data-element_type=\"container\">\n\t\t\t\t<div class=\"elementor-element elementor-element-0627ecd elementor-widget elementor-widget-text-editor\" data-id=\"0627ecd\" data-element_type=\"widget\" data-widget_type=\"text-editor.default\">\n\t\t\t\t<div class=\"elementor-widget-container\">\n\t\t\t\t\t\t\t\t\t<p data-end=\"1047\" data-start=\"740\"><strong data-end=\"805\" data-start=\"740\">Putere, eficien\u021b\u0103 \u0219i control total \u2013 BAUF Alpenluft 18000 BTU<\/strong><br data-end=\"808\" data-start=\"805\" \/>Acest model este alegerea ideal\u0103 pentru\u00a0<strong data-end=\"909\" data-start=\"848\">livinguri, spa\u021bii comerciale sau birouri de p\u00e2n\u0103 la 50 m\u00b2<\/strong>. Cu o capacitate mare de r\u0103cire \u0219i \u00eenc\u0103lzire,\u00a0<strong data-end=\"981\" data-start=\"956\">BAUF BRAC-SP-IA-18-R3<\/strong>\u00a0livreaz\u0103 performan\u021b\u0103 constant\u0103 \u00een orice sezon, f\u0103r\u0103 compromisuri.<\/p><hr data-end=\"1052\" data-start=\"1049\" \/><h3 data-end=\"1077\" data-start=\"1054\">\u2714\ufe0f Beneficii cheie:<\/h3><ul data-end=\"1477\" data-start=\"1079\"><li data-end=\"1124\" data-start=\"1079\"><p data-end=\"1124\" data-start=\"1081\"><strong data-end=\"1094\" data-start=\"1081\">18000 BTU<\/strong>\u00a0\u2013 eficient pentru spa\u021bii mari<\/p><\/li><li data-end=\"1172\" data-start=\"1125\"><p data-end=\"1172\" data-start=\"1127\"><strong data-end=\"1172\" data-start=\"1127\">Debit aer impresionant \u2013 p\u00e2n\u0103 la 950 m\u00b3\/h<\/strong><\/p><\/li><li data-end=\"1223\" data-start=\"1173\"><p data-end=\"1223\" data-start=\"1175\"><strong data-end=\"1192\" data-start=\"1175\">Control Wi-Fi<\/strong>: setezi temperatura de oriunde<\/p><\/li><li data-end=\"1296\" data-start=\"1224\"><p data-end=\"1296\" data-start=\"1226\"><strong data-end=\"1239\" data-start=\"1226\">Clas\u0103 A++<\/strong>\u00a0\u2013 SEER 7 \/ SCOP 4.1 \u2192 eficien\u021b\u0103 ridicat\u0103, costuri reduse<\/p><\/li><li data-end=\"1358\" data-start=\"1297\"><p data-end=\"1358\" data-start=\"1299\"><strong data-end=\"1322\" data-start=\"1299\">Func\u021bii inteligente<\/strong>: autodiagnosticare, restart automat<\/p><\/li><li data-end=\"1408\" data-start=\"1359\"><p data-end=\"1408\" data-start=\"1361\"><strong data-end=\"1408\" data-start=\"1361\">Nivel de zgomot interior redus \u2013 doar 58 dB<\/strong><\/p><\/li><li data-end=\"1477\" data-start=\"1409\"><p data-end=\"1477\" data-start=\"1411\"><strong data-end=\"1431\" data-start=\"1411\">Garan\u021bie extins\u0103<\/strong>\u00a0\u2013 7 ani pentru compresor, 5 ani pentru produs<\/p><\/li><\/ul>\t\t\t\t\t\t\t\t<\/div>\n\t\t\t\t<\/div>\n\t\t\t\t<\/div>\n\t\t\t\t\t<\/div>\n\t\t\t\t<\/div>\n\t\t<div class=\"elementor-element elementor-element-d2b2cd3 e-flex e-con-boxed e-con e-parent\" data-id=\"d2b2cd3\" data-element_type=\"container\">\n\t\t\t\t\t<div class=\"e-con-inner\">\n\t\t\t\t<div class=\"elementor-element elementor-element-91f19cf elementor-widget elementor-widget-text-editor\" data-id=\"91f19cf\" data-element_type=\"widget\" data-widget_type=\"text-editor.default\">\n\t\t\t\t<div class=\"elementor-widget-container\">\n\t\t\t\t\t\t\t\t\t<h3 data-end=\"1522\" data-start=\"1484\">Caracteristici tehnice\u00a0<\/h3><table data-end=\"3199\" data-start=\"1524\"><thead data-end=\"1612\" data-start=\"1524\"><tr data-end=\"1612\" data-start=\"1524\"><th data-col-size=\"sm\" data-end=\"1563\" data-start=\"1524\">Caracteristic\u0103<\/th><th data-col-size=\"md\" data-end=\"1612\" data-start=\"1563\">Valoare<\/th><\/tr><\/thead><tbody data-end=\"3199\" data-start=\"1701\"><tr data-end=\"1788\" data-start=\"1701\"><td data-col-size=\"sm\" data-end=\"1739\" data-start=\"1701\">Model<\/td><td data-col-size=\"md\" data-end=\"1788\" data-start=\"1739\">BRAC-SP-IA-18-R3<\/td><\/tr><tr data-end=\"1877\" data-start=\"1789\"><td data-col-size=\"sm\" data-end=\"1827\" data-start=\"1789\">Capacitate r\u0103cire<\/td><td data-col-size=\"md\" data-end=\"1877\" data-start=\"1827\">5.4 kW (1.30\u20135.90)<\/td><\/tr><tr data-end=\"1966\" data-start=\"1878\"><td data-col-size=\"sm\" data-end=\"1916\" data-start=\"1878\">Capacitate \u00eenc\u0103lzire<\/td><td data-col-size=\"md\" data-end=\"1966\" data-start=\"1916\">5.6 kW (1.30\u20136.00)<\/td><\/tr><tr data-end=\"2054\" data-start=\"1967\"><td data-col-size=\"sm\" data-end=\"2005\" data-start=\"1967\">SEER \/ SCOP<\/td><td data-col-size=\"md\" data-end=\"2054\" data-start=\"2005\">7 \/ 4.1<\/td><\/tr><tr data-end=\"2142\" data-start=\"2055\"><td data-col-size=\"sm\" data-end=\"2093\" data-start=\"2055\">Clasa energetic\u0103<\/td><td data-col-size=\"md\" data-end=\"2142\" data-start=\"2093\">A++<\/td><\/tr><tr data-end=\"2230\" data-start=\"2143\"><td data-col-size=\"sm\" data-end=\"2181\" data-start=\"2143\">Nivel zgomot unitate interioar\u0103<\/td><td data-col-size=\"md\" data-end=\"2230\" data-start=\"2181\">58 dB(A)<\/td><\/tr><tr data-end=\"2318\" data-start=\"2231\"><td data-col-size=\"sm\" data-end=\"2269\" data-start=\"2231\">Circula\u021bie aer r\u0103cire<\/td><td data-col-size=\"md\" data-end=\"2318\" data-start=\"2269\">950\/830\/750\/660 m\u00b3\/h<\/td><\/tr><tr data-end=\"2406\" data-start=\"2319\"><td data-col-size=\"sm\" data-end=\"2357\" data-start=\"2319\">Circula\u021bie aer \u00eenc\u0103lzire<\/td><td data-col-size=\"md\" data-end=\"2406\" data-start=\"2357\">950\/870\/760\/660 m\u00b3\/h<\/td><\/tr><tr data-end=\"2494\" data-start=\"2407\"><td data-col-size=\"sm\" data-end=\"2445\" data-start=\"2407\">Alimentare<\/td><td data-col-size=\"md\" data-end=\"2494\" data-start=\"2445\">220\u2013240V, 50Hz<\/td><\/tr><tr data-end=\"2582\" data-start=\"2495\"><td data-col-size=\"sm\" data-end=\"2533\" data-start=\"2495\">Refrigerant<\/td><td data-col-size=\"md\" data-end=\"2582\" data-start=\"2533\">R32 \u2013 1.03 kg<\/td><\/tr><tr data-end=\"2671\" data-start=\"2583\"><td data-col-size=\"sm\" data-end=\"2621\" data-start=\"2583\">Conducte conectare (lichid\/gaz)<\/td><td data-col-size=\"md\" data-end=\"2671\" data-start=\"2621\">1\/4\u201d \/ 1\/2\u201d<\/td><\/tr><tr data-end=\"2759\" data-start=\"2672\"><td data-col-size=\"sm\" data-end=\"2710\" data-start=\"2672\">Lungime max. conducte<\/td><td data-col-size=\"md\" data-end=\"2759\" data-start=\"2710\">25 m<\/td><\/tr><tr data-end=\"2847\" data-start=\"2760\"><td data-col-size=\"sm\" data-end=\"2798\" data-start=\"2760\">Dimensiuni unitate interioar\u0103<\/td><td data-col-size=\"md\" data-end=\"2847\" data-start=\"2798\">1004 x 320 x 223 mm<\/td><\/tr><tr data-end=\"2935\" data-start=\"2848\"><td data-col-size=\"sm\" data-end=\"2886\" data-start=\"2848\">Dimensiuni unitate exterioar\u0103<\/td><td data-col-size=\"md\" data-end=\"2935\" data-start=\"2886\">785 x 548 x 281 mm<\/td><\/tr><tr data-end=\"3023\" data-start=\"2936\"><td data-col-size=\"sm\" data-end=\"2974\" data-start=\"2936\">Greutate (interior\/exterior)<\/td><td data-col-size=\"md\" data-end=\"3023\" data-start=\"2974\">11 kg \/ 28.5 kg<\/td><\/tr><tr data-end=\"3111\" data-start=\"3024\"><td data-col-size=\"sm\" data-end=\"3062\" data-start=\"3024\">Func\u021bii speciale<\/td><td data-col-size=\"md\" data-end=\"3111\" data-start=\"3062\">Wi-Fi, autodiagnosticare, restart automat<\/td><\/tr><tr data-end=\"3199\" data-start=\"3112\"><td data-col-size=\"sm\" data-end=\"3150\" data-start=\"3112\">Garan\u021bie<\/td><td data-col-size=\"md\" data-end=\"3199\" data-start=\"3150\">7 ani compresor \/ 5 ani produs<\/td><\/tr><\/tbody><\/table>\t\t\t\t\t\t\t\t<\/div>\n\t\t\t\t<\/div>\n\t\t\t\t\t<\/div>\n\t\t\t\t<\/div>\n\t\t<div class=\"elementor-element elementor-element-5da5b7f e-flex e-con-boxed e-con e-parent\" data-id=\"5da5b7f\" data-element_type=\"container\">\n\t\t\t\t\t<div class=\"e-con-inner\">\n\t\t\t\t<div class=\"elementor-element elementor-element-990d531 elementor-widget elementor-widget-text-editor\" data-id=\"990d531\" data-element_type=\"widget\" data-widget_type=\"text-editor.default\">\n\t\t\t\t<div class=\"elementor-widget-container\">\n\t\t\t\t\t\t\t\t\t<p>Garan\u021bie &#8211; <a href=\"https:\/\/baufromania.ro\/wp-content\/uploads\/2025\/07\/Warranty-card-1.pdf\">Descarca<\/a><\/p><p>Manual Utilizare &#8211; <a href=\"https:\/\/baufromania.ro\/wp-content\/uploads\/2025\/07\/Manual-de-utilizare-BAUF-Alpenluft.pdf\">Descarca<\/a><\/p>\t\t\t\t\t\t\t\t<\/div>\n\t\t\t\t<\/div>\n\t\t\t\t\t<\/div>\n\t\t\t\t<\/div>\n\t\t<div class=\"elementor-element elementor-element-a9f3e45 e-flex e-con-boxed e-con e-parent\" data-id=\"a9f3e45\" data-element_type=\"container\">\n\t\t\t\t\t<div class=\"e-con-inner\">\n\t\t\t\t<div class=\"elementor-element elementor-element-7e8e996 elementor-widget elementor-widget-text-editor\" data-id=\"7e8e996\" data-element_type=\"widget\" data-widget_type=\"text-editor.default\">\n\t\t\t\t<div class=\"elementor-widget-container\">\n\t\t\t\t\t\t\t\t\t<h3 data-end=\"87\" data-start=\"69\">Tarife livrare<\/h3><p data-end=\"168\" data-start=\"89\">Livr\u0103rile sunt efectuate prin\u00a0<strong data-end=\"134\" data-start=\"119\">FAN Courier<\/strong>, conform op\u021biunii de distribu\u021bie:<\/p><h4 data-end=\"213\" data-start=\"170\">1.\u00a0<strong data-end=\"213\" data-start=\"178\">Standard (colete p\u00e2n\u0103 la 30 kg)<\/strong><\/h4><ul data-end=\"438\" data-start=\"215\"><li data-end=\"324\" data-start=\"215\"><p data-end=\"242\" data-start=\"217\"><strong data-end=\"239\" data-start=\"217\">Distribu\u021bie Local\u0103<\/strong>:<\/p><ul data-end=\"324\" data-start=\"245\"><li data-end=\"279\" data-start=\"245\"><p data-end=\"279\" data-start=\"247\">Primul kilogram:\u00a0<strong data-end=\"277\" data-start=\"264\">15.00 lei<\/strong><\/p><\/li><li data-end=\"324\" data-start=\"282\"><p data-end=\"324\" data-start=\"284\">Fiecare kilogram adi\u021bional:\u00a0<strong data-end=\"324\" data-start=\"312\">1.80 lei<\/strong><\/p><\/li><\/ul><\/li><li data-end=\"438\" data-start=\"326\"><p data-end=\"356\" data-start=\"328\"><strong data-end=\"353\" data-start=\"328\">Distribu\u021bie Na\u021bional\u0103<\/strong>:<\/p><ul data-end=\"438\" data-start=\"359\"><li data-end=\"393\" data-start=\"359\"><p data-end=\"393\" data-start=\"361\">Primul kilogram:\u00a0<strong data-end=\"391\" data-start=\"378\">20.00 lei<\/strong><\/p><\/li><li data-end=\"438\" data-start=\"396\"><p data-end=\"438\" data-start=\"398\">Fiecare kilogram adi\u021bional:\u00a0<strong data-end=\"438\" data-start=\"426\">1.80 lei<\/strong><\/p><\/li><\/ul><\/li><\/ul><h4 data-end=\"498\" data-start=\"440\">2.\u00a0<strong data-end=\"498\" data-start=\"448\">Transport rutier de marf\u0103 (colete peste 30 kg)<\/strong><\/h4><ul data-end=\"640\" data-start=\"500\"><li data-end=\"640\" data-start=\"500\"><p data-end=\"640\" data-start=\"502\">Se aplic\u0103 tariful standard +\u00a0<strong data-end=\"546\" data-start=\"531\">3.50 lei\/kg<\/strong>\u00a0pentru fiecare kilogram ce dep\u0103\u0219e\u0219te 30 kg, at\u00e2t pentru distribu\u021bia local\u0103, c\u00e2t \u0219i na\u021bional\u0103.<\/p><\/li><\/ul><blockquote data-end=\"915\" data-start=\"642\"><p data-end=\"915\" data-start=\"644\"><strong data-end=\"672\" data-start=\"644\">Informa\u021bii suplimentare:<\/strong><br data-end=\"675\" data-start=\"672\" \/>Costul livr\u0103rii\u00a0<strong data-end=\"732\" data-start=\"693\">nu este inclus \u00een pre\u021bul produselor<\/strong>\u00a0\u0219i este\u00a0<strong data-end=\"781\" data-start=\"741\">calculat separat de c\u0103tre un manager<\/strong>\u00a0\u00een func\u021bie de greutatea total\u0103 \u0219i loca\u021bia de livrare. Clientul va fi informat despre costul exact\u00a0<strong data-end=\"914\" data-start=\"880\">\u00eenainte de expedierea comenzii<\/strong>.<\/p><\/blockquote><hr \/><h6><strong>LIVRAREA PRODUSELOR<\/strong><\/h6><p>Produsele achizi\u021bionate de pe site vor fi livrate doar pe teritoriul Rom\u00e2niei prin intermediul re\u021belei de curierat rapid\u00a0<strong>FAN COURIER<\/strong>.<br \/>Termenul de livrare a produselor din stoc este de\u00a0<strong>1-3 zile<\/strong>, socotit de la data confirm\u0103rii comenzii dvs. Acest termen este orientativ, el put\u00e2nd fi modificat din motive independente de voin\u021ba noastr\u0103.<br \/>\u00cen cazul \u00een care unul sau mai multe produse comandate nu se afl\u0103 pe stoc \u0219i trebuie livrat de la colaboratorii no\u0219tri, termenul de livrare este \u00eentre\u00a0<strong>5-7 zile calendaristice<\/strong>. Pentru toate aceste detalii ve\u021bi fi \u00een\u0219tiin\u021bat telefonic sau prin e-mail. \u00cen cazul produselor care nu se afl\u0103 pe stoc, produse speciale, sau a comenzilor mari, termenul de livrare poate cre\u0219te p\u00e2n\u0103 la\u00a0<strong>3 s\u0103pt\u0103m\u00e2ni<\/strong>.<br \/>Produsele se livreaz\u0103 \u00een limita stocului disponibil!<\/p><h6><strong>MODALIT\u0102\u021aI DE PLAT\u0102<\/strong><\/h6><ol><li><p><strong>Numerar sau card (la livrare)<\/strong><\/p><ul><li>Plata se poate face \u00een numerar sau cu cardul direct curierului la momentul livr\u0103rii coletului.<\/li><\/ul><\/li><li><p><strong>Online (pe site)<\/strong><\/p><ul><li>Plata se poate efectua rapid \u0219i \u00een siguran\u021b\u0103 online, direct pe site, folosind cardul bancar.<\/li><\/ul><\/li><\/ol>\t\t\t\t\t\t\t\t<\/div>\n\t\t\t\t<\/div>\n\t\t\t\t\t<\/div>\n\t\t\t\t<\/div>\n\t\t<div class=\"elementor-element elementor-element-dc864f3 e-flex e-con-boxed e-con e-parent\" data-id=\"dc864f3\" data-element_type=\"container\">\n\t\t\t\t\t<div class=\"e-con-inner\">\n\t\t<div class=\"elementor-element elementor-element-58e71a4 e-con-full e-flex e-con e-child\" data-id=\"58e71a4\" data-element_type=\"container\">\n\t\t\t\t<div class=\"elementor-element elementor-element-3bf8398 elementor-button-align-stretch elementor-widget elementor-widget-form\" data-id=\"3bf8398\" data-element_type=\"widget\" data-settings=\"{&quot;step_next_label&quot;:&quot;Next&quot;,&quot;step_previous_label&quot;:&quot;Previous&quot;,&quot;button_width&quot;:&quot;100&quot;,&quot;step_type&quot;:&quot;number_text&quot;,&quot;step_icon_shape&quot;:&quot;circle&quot;}\" data-widget_type=\"form.default\">\n\t\t\t\t<div class=\"elementor-widget-container\">\n\t\t\t\t\t\t\t<form class=\"elementor-form\" method=\"post\" name=\"New Form\">\n\t\t\t<input type=\"hidden\" name=\"post_id\" value=\"91\"\/>\n\t\t\t<input type=\"hidden\" name=\"form_id\" value=\"3bf8398\"\/>\n\t\t\t<input type=\"hidden\" name=\"referer_title\" value=\"Aer condi\u021bionat BAUF Alpenluft 18000BTU\" \/>\n\n\t\t\t\t\t\t\t<input type=\"hidden\" name=\"queried_id\" value=\"91\"\/>\n\t\t\t\n\t\t\t<div class=\"elementor-form-fields-wrapper elementor-labels-above\">\n\t\t\t\t\t\t\t\t<div class=\"elementor-field-type-text elementor-field-group elementor-column elementor-field-group-name elementor-col-100\">\n\t\t\t\t\t\t\t\t\t\t\t\t<label for=\"form-field-name\" class=\"elementor-field-label\">\n\t\t\t\t\t\t\t\tNume\t\t\t\t\t\t\t<\/label>\n\t\t\t\t\t\t\t\t\t\t\t\t\t\t<input size=\"1\" type=\"text\" name=\"form_fields[name]\" id=\"form-field-name\" class=\"elementor-field elementor-size-sm  elementor-field-textual\" placeholder=\"Nume\">\n\t\t\t\t\t\t\t\t\t\t\t<\/div>\n\t\t\t\t\t\t\t\t<div class=\"elementor-field-type-email elementor-field-group elementor-column elementor-field-group-email elementor-col-100 elementor-field-required\">\n\t\t\t\t\t\t\t\t\t\t\t\t<label for=\"form-field-email\" class=\"elementor-field-label\">\n\t\t\t\t\t\t\t\tEmail\t\t\t\t\t\t\t<\/label>\n\t\t\t\t\t\t\t\t\t\t\t\t\t\t<input size=\"1\" type=\"email\" name=\"form_fields[email]\" id=\"form-field-email\" class=\"elementor-field elementor-size-sm  elementor-field-textual\" placeholder=\"Email\" required=\"required\">\n\t\t\t\t\t\t\t\t\t\t\t<\/div>\n\t\t\t\t\t\t\t\t<div class=\"elementor-field-type-textarea elementor-field-group elementor-column elementor-field-group-message elementor-col-100\">\n\t\t\t\t\t\t\t\t\t\t\t\t<label for=\"form-field-message\" class=\"elementor-field-label\">\n\t\t\t\t\t\t\t\tMesaj\t\t\t\t\t\t\t<\/label>\n\t\t\t\t\t\t<textarea class=\"elementor-field-textual elementor-field  elementor-size-sm\" name=\"form_fields[message]\" id=\"form-field-message\" rows=\"4\" placeholder=\"Mesaj\"><\/textarea>\t\t\t\t<\/div>\n\t\t\t\t\t\t\t\t<div class=\"elementor-field-group elementor-column elementor-field-type-submit elementor-col-100 e-form__buttons\">\n\t\t\t\t\t<button class=\"elementor-button elementor-size-sm\" type=\"submit\">\n\t\t\t\t\t\t<span class=\"elementor-button-content-wrapper\">\n\t\t\t\t\t\t\t\t\t\t\t\t\t\t\t\t\t\t\t\t\t\t<span class=\"elementor-button-text\">Comanda<\/span>\n\t\t\t\t\t\t\t\t\t\t\t\t\t<\/span>\n\t\t\t\t\t<\/button>\n\t\t\t\t<\/div>\n\t\t\t<\/div>\n\t\t<\/form>\n\t\t\t\t\t\t<\/div>\n\t\t\t\t<\/div>\n\t\t\t\t<\/div>\n\t\t\t\t\t<\/div>\n\t\t\t\t<\/div>\n\t\t\t\t<\/div>\n\t\t","protected":false},"excerpt":{"rendered":"<p>Aer condi\u021bionat BAUF Alpenluft BRAC-SP-IA-18-R3, 18000 BTU, Wi-Fi, A++ Putere, eficien\u021b\u0103 \u0219i control total \u2013 BAUF Alpenluft 18000 BTUAcest model este alegerea ideal\u0103 pentru\u00a0livinguri, spa\u021bii comerciale sau birouri de p\u00e2n\u0103 la 50 m\u00b2. Cu o capacitate mare de r\u0103cire \u0219i \u00eenc\u0103lzire,\u00a0BAUF BRAC-SP-IA-18-R3\u00a0livreaz\u0103 performan\u021b\u0103 constant\u0103 \u00een orice sezon, f\u0103r\u0103 compromisuri. \u2714\ufe0f Beneficii cheie: 18000 BTU\u00a0\u2013 eficient [&hellip;]<\/p>\n","protected":false},"author":1,"featured_media":0,"parent":0,"menu_order":0,"comment_status":"closed","ping_status":"closed","template":"","meta":{"footnotes":""},"class_list":["post-91","page","type-page","status-publish","hentry"],"_links":{"self":[{"href":"https:\/\/baufromania.ro\/index.php?rest_route=\/wp\/v2\/pages\/91","targetHints":{"allow":["GET"]}}],"collection":[{"href":"https:\/\/baufromania.ro\/index.php?rest_route=\/wp\/v2\/pages"}],"about":[{"href":"https:\/\/baufromania.ro\/index.php?rest_route=\/wp\/v2\/types\/page"}],"author":[{"embeddable":true,"href":"https:\/\/baufromania.ro\/index.php?rest_route=\/wp\/v2\/users\/1"}],"replies":[{"embeddable":true,"href":"https:\/\/baufromania.ro\/index.php?rest_route=%2Fwp%2Fv2%2Fcomments&post=91"}],"version-history":[{"count":13,"href":"https:\/\/baufromania.ro\/index.php?rest_route=\/wp\/v2\/pages\/91\/revisions"}],"predecessor-version":[{"id":164,"href":"https:\/\/baufromania.ro\/index.php?rest_route=\/wp\/v2\/pages\/91\/revisions\/164"}],"wp:attachment":[{"href":"https:\/\/baufromania.ro\/index.php?rest_route=%2Fwp%2Fv2%2Fmedia&parent=91"}],"curies":[{"name":"wp","href":"https:\/\/api.w.org\/{rel}","templated":true}]}}